{"id":68,"date":"2019-01-25T13:29:00","date_gmt":"2019-01-25T12:29:00","guid":{"rendered":"https:\/\/www.archiviodiocesinapoli.it\/?page_id=68"},"modified":"2019-03-13T12:19:51","modified_gmt":"2019-03-13T11:19:51","slug":"regolamento","status":"publish","type":"page","link":"https:\/\/www.archiviodiocesinapoli.it\/index.php\/regolamento\/","title":{"rendered":"Regolamento di sala studio"},"content":{"rendered":"<p>[et_pb_section bb_built=&#8221;1&#8243; fullwidth=&#8221;on&#8221; specialty=&#8221;off&#8221; background_color=&#8221;#b31848&#8243; _builder_version=&#8221;3.14&#8243; next_background_color=&#8221;#ffffff&#8221;][et_pb_fullwidth_post_title meta=&#8221;off&#8221; author=&#8221;off&#8221; featured_image=&#8221;off&#8221; text_color=&#8221;light&#8221; text_bg_color=&#8221;#e3641d&#8221; use_border_color=&#8221;off&#8221; parallax=&#8221;on&#8221; _builder_version=&#8221;3.14&#8243; title_line_height=&#8221;1.5em&#8221; background_color=&#8221;#b31848&#8243; \/][\/et_pb_section][et_pb_section bb_built=&#8221;1&#8243; _builder_version=&#8221;3.14&#8243; custom_padding=&#8221;0px||0px|&#8221; prev_background_color=&#8221;#b31848&#8243;][et_pb_row _builder_version=&#8221;3.14&#8243; background_image=&#8221;https:\/\/www.archiviodiocesinapoli.it\/wp-content\/uploads\/2019\/02\/IMG_0877.jpg&#8221; parallax=&#8221;on&#8221; parallax_method=&#8221;off&#8221; make_fullwidth=&#8221;on&#8221; use_custom_gutter=&#8221;on&#8221; gutter_width=&#8221;1&#8243; padding_top_1=&#8221;50px&#8221; padding_right_1=&#8221;50px&#8221; padding_bottom_1=&#8221;50px&#8221; padding_left_1=&#8221;50px&#8221; custom_padding=&#8221;0px||0px|&#8221; background_color_1=&#8221;rgba(255,255,255,0.95)&#8221; background_position=&#8221;top_left&#8221; background_repeat=&#8221;repeat&#8221; background_size=&#8221;initial&#8221; background_color_2=&#8221;rgba(255,255,255,0.8)&#8221;][et_pb_column type=&#8221;1_2&#8243;][et_pb_text _builder_version=&#8221;3.14&#8243; border_style=&#8221;solid&#8221; animation_style=&#8221;slide&#8221; animation_duration=&#8221;1200ms&#8221; animation_delay=&#8221;200ms&#8221; animation_intensity_fold=&#8221;100%&#8221; animation_direction=&#8221;left&#8221;]<\/p>\n<p style=\"text-align: center;\"><strong><u>ARCHIVIO STORICO DIOCESANO DI NAPOLI<br \/>\n<\/u><u>REGOLAMENTO DI SALA STUDIO<\/u><u>\u00a0<\/u><\/strong><\/p>\n<p><strong><em>L\u2019ufficio di funzionamento dell\u2019Archivio \u00e8 composto dal Direttore e dai collaboratori, dai Tirocinanti e dai Volontari<\/em><\/strong><strong>\u00a0<\/strong><\/p>\n<p><strong><u>Dati personali<\/u><\/strong><\/p>\n<ol>\n<li><em>Ai sensi delle indicazioni del GDPR. UE 639\/2016,\u00a0 i dati delle persone fisiche vanno protetti nel rispetto della libert\u00e0 di ogni individuo e se utilizzati vi \u00e8 l\u2019obbligo di dare adeguate informazioni all\u2019interessato.<\/em><\/li>\n<\/ol>\n<p>Pertanto saranno attuate le seguenti indicazioni per chi consulta e fa ricerca nell\u2019ASDN:<\/p>\n<ul>\n<li>I dati da acquisire attraverso la scheda di iscrizione saranno quelli essenziali ed indispensabili<\/li>\n<li>Le schede per le richieste di consultazioni, con l\u2019indicazione di natura e di finalit\u00e0, saranno ad uso esclusivo del richiedente<\/li>\n<li>Lo studioso pu\u00f2 consultare esclusivamente la documentazione a proprio nome o dell\u2019Ente di appartenenza, in qualit\u00e0 di delegato.<\/li>\n<\/ul>\n<p><strong><u>Attivit\u00e0 di ricerca<\/u><\/strong><\/p>\n<ol start=\"2\">\n<li>In Sala di Studio \u00e8 consentito, di norma, introdurre solo penne, matite e fogli sciolti o schede di lavoro; tutti gli altri oggetti in possesso degli utenti devono essere depositati all\u2019ingresso in apposite cassettiere munite di serratura, e consegnare all\u2019addetto della sala un documento di riconoscimento, che verr\u00e0 restituito al momento del ritiro degli oggetti dalle suddette cassette.<\/li>\n<\/ol>\n<ol start=\"3\">\n<li>Per il primo accesso alla Sala di Studio lo studioso \u00e8 tenuto ad esibire un documento di identit\u00e0 e a fornire al personale di sala tutti i dati necessari per la compilazione della domanda di ammissione. Lo studioso deve specificare l\u2019oggetto della ricerca e le sue finalit\u00e0.<\/li>\n<\/ol>\n<ol start=\"4\">\n<li>Gli studiosi sono tenuti a registrare la propria presenza giornaliera in Archivio apponendo la propria firma in forma leggibile sul registro delle presenze.<\/li>\n<\/ol>\n<ol start=\"5\">\n<li>Terminata la procedura di ammissione, lo studioso pu\u00f2 iniziare a organizzare la sua ricerca avvalendosi, se necessario, della consulenza del personale della Sala di Studio o del funzionario presente, nonch\u00e9 degli strumenti a disposizione.<\/li>\n<\/ol>\n<ol start=\"6\">\n<li>Le richieste dei documenti da consultare devono essere compilate sulle apposite schede, indicando con precisione:<\/li>\n<\/ol>\n<p>&#8211; nome e cognome del richiedente<br \/>\n&#8211; segnatura archivistica.<\/p>\n<p>Ogni scheda \u00e8 valida per una sola unit\u00e0 archivistica (o per unit\u00e0 archivistiche contigue, fino ad un massimo di 4)<\/p>\n<p>Le richieste di consultazione possono essere effettuate dallo studioso in Archivio, o tramite posta elettronica<\/p>\n<p style=\"text-align: center;\"><strong><a href=\"mailto:storico@chiesadinapoli.it\">archiviostorico@chiesadinapoli.it<\/a><\/strong>,<\/p>\n<p>oppure telefonicamente, preferibilmente di mattina o di pomeriggio per il giorno successivo, indicando con precisione la segnatura esatta dei documenti.<\/p>\n<ol start=\"7\">\n<li>Le richieste avverranno alle ore 9.00, alle ore 11.00, alle ore 12.30 per il pomeriggio<\/li>\n<\/ol>\n<ol start=\"8\">\n<li>Si possono consultare le pandette (indici) presenti nella sala-studio previa richiesta fatta agli addetti alla sala.<\/li>\n<\/ol>\n<ol start=\"9\">\n<li>A consultazione ultimata, l\u2019unit\u00e0 archivistica viene riconsegnata al personale scrivendo in maniera chiara sulla richiesta la parola \u201cesaurito\u201d.<\/li>\n<\/ol>\n<ol start=\"10\">\n<li>I documenti possono essere mantenuti in deposito per 15 giorni per consultazioni successive e da parte dello studioso che ne abbia fatto richiesta. Il numero di pezzi che ciascuno studioso pu\u00f2 trattenere in deposito non deve superare le 3 unit\u00e0. Qualora lo studioso non si presenti in Sala di Studio per i 15 giorni successivi e non dia indicazioni particolari, il materiale verr\u00e0 ricollocato nei depositi.<\/li>\n<\/ol>\n<ol start=\"11\">\n<li>Lo studioso \u00e8 tenuto a rispettare l\u2019ordine e l\u2019integrit\u00e0 dei documenti a lui affidati per la consultazione. I documenti devono essere trattati col massimo riguardo, evitando qualsiasi azione che ne possa pregiudicare l&#8217;integrit\u00e0.<\/li>\n<\/ol>\n<p>In particolare \u00e8 vietato usare stilografiche o altre penne a inchiostro liquido; \u00a0\u00a0\u00a0\u00a0appoggiare la penna o il foglio su cui si scrive direttamente sui documenti; ricalcare le piante e fare lucidi delle stesse. Non \u00e8 consentito apporre segni o numerazioni sulle carte, neppure a matita. Consultando pacchi o buste di documenti sciolti, non si deve alterare l\u2019ordine dato ai fogli e ai fascicoli. L\u2019eventuale pregresso disordine deve essere segnalato al personale di sala. \u00c8 vietato trasportare i documenti in consultazione da un luogo all\u2019altro della Sala di Studio.<\/p>\n<ol start=\"12\">\n<li>Tutti i documenti conservati nell\u2019 Archivio storico diocesano di Napoli che non superano i 70 anni, non sono consultabili (fino all\u2019Episcopato del Card. Alessio Ascalesi).<\/li>\n<\/ol>\n<p>&nbsp;<\/p>\n<p>[\/et_pb_text][\/et_pb_column][et_pb_column type=&#8221;1_2&#8243;][\/et_pb_column][\/et_pb_row][et_pb_row _builder_version=&#8221;3.14&#8243; background_image=&#8221;https:\/\/www.archiviodiocesinapoli.it\/wp-content\/uploads\/2019\/02\/IMG_0876.jpg&#8221; parallax=&#8221;on&#8221; parallax_method=&#8221;off&#8221; make_fullwidth=&#8221;on&#8221; use_custom_gutter=&#8221;on&#8221; gutter_width=&#8221;1&#8243; custom_padding=&#8221;0px||0px|&#8221; padding_top_2=&#8221;50px&#8221; padding_right_2=&#8221;50px&#8221; padding_bottom_2=&#8221;50px&#8221; padding_left_2=&#8221;50px&#8221; background_color_2=&#8221;rgba(255,255,255,0.95)&#8221; background_color_1=&#8221;rgba(255,255,255,0.95)&#8221;][et_pb_column type=&#8221;1_2&#8243;][\/et_pb_column][et_pb_column type=&#8221;1_2&#8243;][et_pb_text _builder_version=&#8221;3.14&#8243; border_style=&#8221;solid&#8221; animation_style=&#8221;slide&#8221; animation_delay=&#8221;200ms&#8221; animation_direction=&#8221;right&#8221;]<\/p>\n<p><u>Riproduzioni<\/u><\/p>\n<ol start=\"13\">\n<li>Per richiedere fotocopie o riproduzioni digitali bisogna rivolgersi al personale addetto alla Sala di\u00a0 Le fotocopie sono consentite per i documenti sciolti posteriori al 1900, tenuto conto dello stato di conservazione. Il materiale documentario di data anteriore al 1850 pu\u00f2 essere solo fotografato, o scannerizzato.<br \/>\nI documenti da fotoriprodurre non devono essere estratti dal contenitore.<\/li>\n<\/ol>\n<ol start=\"14\">\n<li>Le domande di fotoriproduzione o di scannerizzazione devono essere compilate su appositi moduli con scrittura chiara e leggibile, indicando esattamente le unit\u00e0 archivistiche richieste e, dove esista, la numerazione moderna delle carte, nonch\u00e9 il numero totale delle carte da fotoriprodurre o da scannerizzare e gli scopi per i quali viene richiesta la riproduzione (uso studio, pubblicazione o amministrativo). L\u2019incaricato preposto al servizio, visto lo stato di conservazione dei documenti stessi, autorizza la riproduzione.<\/li>\n<\/ol>\n<ol start=\"15\">\n<li>Per poter pubblicare &#8211; in libri, giornali, riviste, CD-ROM, siti Internet, manifesti, inviti ecc. \u2013 la riproduzione di un documento d&#8217;Archivio o di parte di esso, \u00e8 necessario richiedere l&#8217;autorizzazione alla Direzione dell&#8217;Archivio. \u00c8 richiesta la consegna di una copia della pubblicazione che utilizza i predetti documenti.<\/li>\n<\/ol>\n<p>L\u2019archivio \u00e8 aperto \u00e8 aperto al pubblico il luned\u00ec, mercoled\u00ec e venerd\u00ec dalle 9,00 alle 13,30, e dalle ore 15,00 alle 16,30. Il Direttore pu\u00f2 stabilire altri periodi di chiusura per esigenze di servizio.<\/p>\n<p>[\/et_pb_text][\/et_pb_column][\/et_pb_row][\/et_pb_section]<\/p>\n","protected":false},"excerpt":{"rendered":"<p>[et_pb_section bb_built=&#8221;1&#8243; fullwidth=&#8221;on&#8221; specialty=&#8221;off&#8221; background_color=&#8221;#b31848&#8243; _builder_version=&#8221;3.14&#8243; next_background_color=&#8221;#ffffff&#8221;][et_pb_fullwidth_post_title meta=&#8221;off&#8221; author=&#8221;off&#8221; featured_image=&#8221;off&#8221; text_color=&#8221;light&#8221; text_bg_color=&#8221;#e3641d&#8221; use_border_color=&#8221;off&#8221; parallax=&#8221;on&#8221; _builder_version=&#8221;3.14&#8243; title_line_height=&#8221;1.5em&#8221; background_color=&#8221;#b31848&#8243; \/][\/et_pb_section][et_pb_section bb_built=&#8221;1&#8243; _builder_version=&#8221;3.14&#8243; custom_padding=&#8221;0px||0px|&#8221; prev_background_color=&#8221;#b31848&#8243;][et_pb_row _builder_version=&#8221;3.14&#8243; background_image=&#8221;https:\/\/www.archiviodiocesinapoli.it\/wp-content\/uploads\/2019\/02\/IMG_0877.jpg&#8221; parallax=&#8221;on&#8221; parallax_method=&#8221;off&#8221; make_fullwidth=&#8221;on&#8221; use_custom_gutter=&#8221;on&#8221; gutter_width=&#8221;1&#8243; padding_top_1=&#8221;50px&#8221; padding_right_1=&#8221;50px&#8221; padding_bottom_1=&#8221;50px&#8221; padding_left_1=&#8221;50px&#8221; custom_padding=&#8221;0px||0px|&#8221; background_color_1=&#8221;rgba(255,255,255,0.95)&#8221; background_position=&#8221;top_left&#8221; background_repeat=&#8221;repeat&#8221; background_size=&#8221;initial&#8221; background_color_2=&#8221;rgba(255,255,255,0.8)&#8221;][et_pb_column type=&#8221;1_2&#8243;][et_pb_text _builder_version=&#8221;3.14&#8243; border_style=&#8221;solid&#8221; animation_style=&#8221;slide&#8221; animation_duration=&#8221;1200ms&#8221; animation_delay=&#8221;200ms&#8221; animation_intensity_fold=&#8221;100%&#8221; animation_direction=&#8221;left&#8221;] ARCHIVIO STORICO DIOCESANO DI NAPOLI REGOLAMENTO DI SALA [&hellip;]<\/p>\n","protected":false},"author":1,"featured_media":0,"parent":0,"menu_order":0,"comment_status":"closed","ping_status":"closed","template":"","meta":[],"_links":{"self":[{"href":"https:\/\/www.archiviodiocesinapoli.it\/index.php\/wp-json\/wp\/v2\/pages\/68"}],"collection":[{"href":"https:\/\/www.archiviodiocesinapoli.it\/index.php\/wp-json\/wp\/v2\/pages"}],"about":[{"href":"https:\/\/www.archiviodiocesinapoli.it\/index.php\/wp-json\/wp\/v2\/types\/page"}],"author":[{"embeddable":true,"href":"https:\/\/www.archiviodiocesinapoli.it\/index.php\/wp-json\/wp\/v2\/users\/1"}],"replies":[{"embeddable":true,"href":"https:\/\/www.archiviodiocesinapoli.it\/index.php\/wp-json\/wp\/v2\/comments?post=68"}],"version-history":[{"count":16,"href":"https:\/\/www.archiviodiocesinapoli.it\/index.php\/wp-json\/wp\/v2\/pages\/68\/revisions"}],"predecessor-version":[{"id":147,"href":"https:\/\/www.archiviodiocesinapoli.it\/index.php\/wp-json\/wp\/v2\/pages\/68\/revisions\/147"}],"wp:attachment":[{"href":"https:\/\/www.archiviodiocesinapoli.it\/index.php\/wp-json\/wp\/v2\/media?parent=68"}],"curies":[{"name":"wp","href":"https:\/\/api.w.org\/{rel}","templated":true}]}}